+ 53935. Determine d(-631).
300
Let y(w) = -w**3 - 38*w**2 - 28*w + 1248. Calculate y(-36).
-336
Let f(d) = -d**2 + 37547*d - 262773. Determine f(7).
7
Let y(o) = -7*o + 396. Calculate y(2).
382
Let k(f) = 39*f**2 - 329*f + 22. Calculate k(7).
-370
Let l(y) = -2202*y + 103613. Calculate l(48).
-2083
Let j(i) = i**2 - 301*i + 22373. What is j(134)?
-5
Let l(c) = -12*c**3 + 80*c**2 - 27*c + 82. What is l(4)?
486
Let r(z) = -z**3 - 31*z**2 + 154*z + 671. Calculate r(-33).
-2233
Let m(w) = -18*w - 1007. Give m(26).
-1475
Let j(v) = 6*v**3 + 553*v**2 + 89*v - 371. Determine j(-92).
-95
Let h(f) = -309*f - 60151. Calculate h(-195).
104
Let a(c) = 5*c + 62. Give a(110).
612
Let d(i) = -3*i**3 - 72*i**2 - 5*i - 21. Calculate d(-24).
99
Let h(a) = -30967*a**2 - 61632*a + 2. Determine h(-2).
-602
Let a(k) = k**3 + 38*k**2 + 357*k + 18994. Calculate a(-41).
-686
Let h(d) = 488902*d - 16133759. Determine h(33).
7
Let g(w) = -26662*w + 187092. Determine g(7).
458
Let c(f) = 8*f**2 - 22782*f + 181771. Calculate c(8).
27
Let g(d) = -4*d**2 + 16473*d + 165130. Calculate g(-10).
0
Let u(f) = -2259*f + 4504. Give u(3).
-2273
Let z(j) = 5653*j - 33472. Determine z(6).
446
Let s(w) = w**3 + 206*w**2 + 973*w + 33326. What is s(-202)?
-4
Let d(c) = -3513036*c + 14052148. Calculate d(4).
4
Let g(v) = 28*v**2 - 2236*v - 231. Give g(80).
89
Let w(y) = -y**2 - 2666*y - 569079. Give w(-234).
9
Let g(d) = -d**3 - 48*d**2 - 544*d + 758. Determine g(-24).
-10
Let q(l) = l**3 + 9*l**2 - 65*l - 594. Give q(-10).
-44
Let y(d) = 31645*d - 5537859. Calculate y(175).
16
Let x(q) = 15605*q - 109188. Calculate x(7).
47
Let f(d) = 212*d**2 + 864*d + 685. Determine f(-3).
1
Let o(h) = 21*h**2 - 204*h + 406. Determine o(2).
82
Let p(l) = -96*l**2 - 25562*l + 70486. Give p(-269).
8
Let i(w) = 15*w**2 + 383*w + 1447. What is i(-22)?
281
Let k(w) = -w**3 - 162*w**2 + 330*w + 279. Calculate k(-164).
-49
Let h(d) = -18*d**3 + 34*d**2 + 1161*d - 2349. What is h(2)?
-35
Let w(b) = 961*b - 14355. Calculate w(15).
60
Let y(k) = k**3 - 32*k**2 + 835*k - 24533. Give y(31).
391
Let o(l) = -420*l**2 + 92822*l - 365. Give o(221).
77
Let d(y) = 5405*y + 383751. Determine d(-71).
-4
Let b(m) = 17*m + 2958. Determine b(-184).
-170
Let l(w) = -w**2 + 95*w - 1297. Calculate l(71).
407
Let m(o) = -o**3 + 8*o**2 - 19*o - 360. Determine m(-7).
508
Let n(g) = g**2 + 2346*g + 282229. Determine n(-127).
416
Let f(p) = -p**3 - 131*p**2 + 73838*p + 2755. Determine f(-345).
-5
Let j(r) = -r**3 + 21*r**2 + 995*r - 15334. What is j(14)?
-32
Let y(v) = v**2 - 259*v - 1314. Calculate y(-5).
6
Let u(d) = d**3 + 22*d**2 + 6854*d + 165672. Calculate u(-24).
24
Let t(m) = m**2 + 78874*m - 25. Determine t(0).
-25
Let v(z) = -z**3 + 23*z**2 + 3703*z - 71460. Give v(19).
341
Let j(n) = n**3 + 314*n**2 - 1144*n - 479. Give j(4).
33
Let s(k) = -54*k**2 - 121*k + 380. What is s(3)?
-469
Let a(n) = 2*n**3 + 681*n**2 - 99*n + 82543. Calculate a(-341).
21
Let m(c) = -1225*c - 207892. Determine m(-170).
358
Let m(x) = 3104190*x + 3104198. Give m(-1).
8
Let i(g) = -47966*g + 767456. Give i(16).
0
Let j(y) = -144*y**2 + 596*y + 3017. Calculate j(-5).
-3563
Let d(t) = -7996*t + 1255383. Calculate d(157).
11
Let d(b) = 17*b**2 + 7179*b - 19548. What is d(-425)?
2
Let w(r) = r**3 - 23*r**2 - 191*r + 4763. Calculate w(22).
77
Let t(o) = -o**3 + 42*o**2 + 396*o + 5. Determine t(49).
2602
Let i(z) = 11*z**3 + 1123*z**2 + 88*z - 1422. What is i(-102)?
6
Let v(o) = 10182*o - 285102. Calculate v(28).
-6
Let j(c) = -2*c**3 - 28*c**2 + 226*c + 3261. Give j(-13).
-15
Let i(f) = 91*f**3 - 304*f + 599. Determine i(2).
719
Let f(i) = 112*i**3 + i**2 - 238*i + 236. Determine f(1).
111
Let o(h) = -h**2 - 436*h - 869. Calculate o(-2).
-1
Let y(m) = 470*m - 25413. What is y(54)?
-33
Let z(y) = 5*y**3 + 134*y**2 - 177*y - 77. Give z(-28).
175
Let l(c) = -744*c + 203173. Calculate l(273).
61
Let l(d) = 20496*d + 1680814. Determine l(-82).
142
Let q(s) = 4*s**3 - 45*s**2 - 13*s - 38. Calculate q(8).
-974
Let z(g) = -g**3 + 141*g**2 + 1339*g - 80. Calculate z(-9).
19
Let i(q) = -2791767*q + 13958833. Calculate i(5).
-2
Let d(i) = i**3 - 43*i**2 + 283*i - 29. Give d(33).
-1580
Let z(y) = y**3 + 141*y**2 + 2529*y + 967. Calculate z(-120).
-113
Let n(r) = r**3 - 131*r**2 + 23*r - 1225. Give n(131).
1788
Let c(u) = 6831*u - 3442803. Determine c(504).
21
Let h(x) = -3*x**3 - 564*x**2 - 14222*x - 40. Determine h(-30).
20
Let c(n) = 12620*n - 12593. Give c(1).
27
Let d(k) = -38441*k - 230638. What is d(-6)?
8
Let u(p) = 2101*p - 48952. Give u(23).
-629
Let d(x) = 685*x**2 + 9584*x - 71. Calculate d(-14).
13
Let t(p) = -978*p - 538882. Give t(-551).
-4
Let l(z) = -z**2 + 58*z + 785. Calculate l(61).
602
Let u(q) = 8*q**2 - 35*q - 3150. What is u(23)?
277
Let a(o) = o**2 - 4383*o - 57115. What is a(-13)?
33
Let r(t) = 93*t**3 - 62*t**2 + t - 2. Give r(1).
30
Let q(z) = -917*z - 13768. Give q(-15).
-13
Let d(c) = -c**3 + 250*c**2 - 15482*c + 153. What is d(113)?
40
Let g(o) = 2*o**3 - 22*o**2 - 40*o + 20. What is g(-6)?
-964
Let p(n) = n**3 + 42*n**2 + 65*n + 5622. What is p(-43)?
978
Let w(o) = -4*o**2 + 989*o - 34428. Calculate w(38).
-2622
Let m(b) = 743*b + 154602. Give m(-208).
58
Let i(r) = r**3 + 419*r**2 + 927*r + 38483. Give i(-417).
-298
Let n(p) = -17550*p - 526463. Determine n(-30).
37
Let c(v) = -v**3 + 55*v**2 - 1217*v + 7654. Determine c(10).
-16
Let h(w) = 17420*w - 679047. Calculate h(39).
333
Let z(w) = -47*w**2 + 9168*w - 560. What is z(195)?
25
Let u(g) = -841*g + 77369. What is u(92)?
-3
Let g(q) = -7*q**2 - 84*q + 295. What is g(-14)?
99
Let z(h) = -51*h**3 - 3*h**2 + 6*h + 1. Calculate z(-2).
385
Let t(a) = 68*a**2 + 810*a - 67. Give t(-12).
5
Let h(z) = -56540*z + 1470028. Determine h(26).
-12
Let u(g) = -g**2 + 3237062*g + 12948251. Calculate u(-4).
-13
Let h(z) = z**2 + 35*z + 366. Calculate h(-38).
480
Let q(s) = s**3 + 18*s**2 - 131*s + 134. Determine q(-25).
-966
Let x(k) = -896*k + 46777. Calculate x(53).
-711
Let b(t) = -t**3 - 69*t**2 - 960*t + 1026. What is b(-49)?
46
Let s(o) = -69554*o - 347765. Determine s(-5).
5
Let m(j) = -10403*j - 436943. What is m(-42)?
-17
Let j(x) = -x**3 - 21*x**2 - 117*x - 79. Determine j(-12).
29
Let d(q) = q**3 + 236*q**2 + 1368*q - 3244. What is d(-230)?
-484
Let d(z) = -z**3 - 316*z**2 + 6014*z - 61. What is d(18)?
-25
Let r(f) = 227*f**2 - 908*f + 84. Give r(7).
4851
Let k(r) = 1494*r + 9218. What is k(-6)?
254
Let p(t) = -3545*t - 67338. Determine p(-19).
17
Let c(u) = 2083*u + 329042. Determine c(-158).
-72
Let q(z) = -4364*z - 118044. Calculate q(-27).
-216
Let f(a) = 24341*a + 2239350. Determine f(-92).
-22
Let n(s) = -5*s**3 - 251*s**2 - 2571*s - 529. Calculate n(-36).
11
Let u(h) = h**3 - 459*h**2 + 239*h - 109683. Give u(459).
18
Let x(g) = -369*g**2 + 12550*g - 121. Determine x(34).
15
Let x(q) = 11*q**3 + 1090*q**2 + 98*q - 105. Calculate x(-99).
-6
Let d(x) = -800*x - 4946. What is d(-5)?
-946
Let g(x) = -761*x**2 - 4045*x - 1200. Calculate g(-5).
0
Let j(s) = -5*s**3 - 5*s**2 + 1026*s + 9083. Determine j(-9).
3089
Let s(g) = 35*g**2 + 23609*g + 12807. Give s(-674).
1
Let x(g) = -46962*g + 1455810. Calculate x(31).
-12
Let d(n) = 299729*n - 1198884. Give d(4).
32
Let s(h) = 16*h**3 - 313*h**2 + 177*h + 141. Calculate s(19).
255
Let y(x) = x**2 - 317*x + 13025. Determine y(48).
113
Let o(f) = 123*f**2 - 5239*f - 13408. Calculate o(45).
-88
Let f(h) = -h**2 - 219*h + 13132. What is f(-268)?
0
Let t(v) = -133600*v + 133608. Determine t(1).
8
Let w(g) = g**2 + 8901*g - 727520. Give w(81).
22
Let c(z) = 7*z**2 - 1595*z - 208. Give c(228).
20
Let o(q) = -58*q**2 + 60846*q - 4204. Calculate o(1049).
-8
Let j(u) = u**3 - 66*u**2 + 440*u - 39191. Determine j(68).
-23
Let b(i) = 3*i**3 + 42*i**2 + 14*i - 933. What is b(-11)?
2
Let x(f) = f**3 + 30*f**2 + 231*f - 60. Calculate x(-7).
-550
Let w(u) = 51*u**2 - 89*u - 827. Calculate w(5).
3
Let k(c) = 131*c + 4164. What is k(-58)?
-3434
Let l(s) = -s**2 + 167*s + 1536. What is l(175)?
136
Let s(t) = -t**2 - 6410*t - 612365. Calculate s(-97).
-4
Let s(t) = -t**3 + 222*t**2 - 213*t - 1556. Determine s(221).
212
Let o(b) = -8*b**3 - 21*b**2 - 17*b - 234. Determine o(-4).
10
Let l(o) = -o**3 + 430*o**2 + 25591*o - 417. Calculate l(-53).
7
Let t(c) =